{"id":28,"date":"2020-06-30T19:21:58","date_gmt":"2020-06-30T19:21:58","guid":{"rendered":"https:\/\/alfa.tau.ee\/?page_id=28"},"modified":"2026-03-30T08:37:59","modified_gmt":"2026-03-30T08:37:59","slug":"eksperthinnang","status":"publish","type":"page","link":"https:\/\/pottsepp.com\/?page_id=28","title":{"rendered":"Eksperthinnang (alates 2013.a.)"},"content":{"rendered":"\n<p>Seadus lubab iseenda tarbeks ehitada eramajas, aiamajas ja suvilas k\u00fcttes\u00fcsteemi. Hoone kasutusloa taotlemisel on aga vajalik k\u00fcttes\u00fcsteemi eksperthinnang vastava p\u00e4devusega isikult. Pottseppmeister tase 5 (edaspidi uuendatud kutsestandardi j\u00e4rgi tase 5-ekspert) kutse lubab koostada k\u00fcttes\u00fcsteemide eksperthinnanguid kasutusloa saamiseks.<\/p>\n\n\n\n<p>K\u00fcttes\u00fcsteemi \u00fclevaatusel hindab spetsialist k\u00fcttes\u00fcsteemi tehnilist seisukorda ja vastavust tuleohutusn\u00f5uetele. Kui \u00fclevaatusel k\u00e4igus ilmnevad puudused, siis antakse sellest hoone valdajala teada. Lepitakse kokku aeg puuduste k\u00f5rvaldamiseks ja tehakse kordus\u00fclevaatus.&nbsp;<\/p>\n\n\n\n<p>Pottseppmeister v\u00e4ljastab digitaalse allkirjaga eksperthinnangu, mille alusel saab omavalitsusest taotleda hoone kasutusluba.<\/p>\n\n\n\n<h4 class=\"wp-block-heading\">Eksperthinnangu hinnakiri<\/h4>\n\n\n\n<p><em>Hinnad kehtivad alates 1. sept. 2022<\/em><\/p>\n\n\n\n<p>K\u00fcttes\u00fcsteemi eksperthinnang (\u00fcks k\u00fcttes\u00fcsteem on \u00fcks k\u00fctteseade, \u00fchendusl\u00f5\u00f5r ja korsten) Haapsalus ja l\u00e4hi\u00fcmbruses: alates 600 \u20ac\u00a0<\/p>\n\n\n\n<p>Kaugemale lisandub transpordikulu 1,- \u20ac\/km<\/p>\n\n\n\n<p>Kordus\u00fclevaatus: alates 100 \u20ac<\/p>\n\n\n\n<p>Helista ja k\u00fcsi lisa <strong>telefonil 5660 5869<\/strong>.<\/p>\n","protected":false},"excerpt":{"rendered":"<p>Seadus lubab iseenda tarbeks ehitada eramajas, aiamajas ja suvilas k\u00fcttes\u00fcsteemi. Hoone kasutusloa taotlemisel on aga vajalik k\u00fcttes\u00fcsteemi eksperthinnang vastava p\u00e4devusega isikult. Pottseppmeister tase 5 (edaspidi uuendatud kutsestandardi j\u00e4rgi tase 5-ekspert) kutse lubab koostada k\u00fcttes\u00fcsteemide eksperthinnanguid kasutusloa saamiseks. K\u00fcttes\u00fcsteemi \u00fclevaatusel hindab &hellip; <a href=\"https:\/\/pottsepp.com\/?page_id=28\">Continued<\/a><\/p>\n","protected":false},"author":1,"featured_media":0,"parent":0,"menu_order":0,"comment_status":"closed","ping_status":"closed","template":"","meta":{"kt_blocks_editor_width":"","footnotes":""},"class_list":["post-28","page","type-page","status-publish","hentry"],"_links":{"self":[{"href":"https:\/\/pottsepp.com\/index.php?rest_route=\/wp\/v2\/pages\/28","targetHints":{"allow":["GET"]}}],"collection":[{"href":"https:\/\/pottsepp.com\/index.php?rest_route=\/wp\/v2\/pages"}],"about":[{"href":"https:\/\/pottsepp.com\/index.php?rest_route=\/wp\/v2\/types\/page"}],"author":[{"embeddable":true,"href":"https:\/\/pottsepp.com\/index.php?rest_route=\/wp\/v2\/users\/1"}],"replies":[{"embeddable":true,"href":"https:\/\/pottsepp.com\/index.php?rest_route=%2Fwp%2Fv2%2Fcomments&post=28"}],"version-history":[{"count":10,"href":"https:\/\/pottsepp.com\/index.php?rest_route=\/wp\/v2\/pages\/28\/revisions"}],"predecessor-version":[{"id":529,"href":"https:\/\/pottsepp.com\/index.php?rest_route=\/wp\/v2\/pages\/28\/revisions\/529"}],"wp:attachment":[{"href":"https:\/\/pottsepp.com\/index.php?rest_route=%2Fwp%2Fv2%2Fmedia&parent=28"}],"curies":[{"name":"wp","href":"https:\/\/api.w.org\/{rel}","templated":true}]}}