{"id":20,"date":"2020-06-30T19:18:24","date_gmt":"2020-06-30T19:18:24","guid":{"rendered":"https:\/\/alfa.tau.ee\/?page_id=20"},"modified":"2026-03-30T08:42:33","modified_gmt":"2026-03-30T08:42:33","slug":"pottsepatood","status":"publish","type":"page","link":"https:\/\/pottsepp.com\/?page_id=20","title":{"rendered":"Pottsepat\u00f6\u00f6d (alates 2004.a.)"},"content":{"rendered":"\n<p>Oleme pika ja meisterliku kogemusega. Aitame leida parima k\u00fcttekolde lahenduse. Vaata meie tehtud erinevaid k\u00fctteseadmeid <a href=\"https:\/\/pottsepp.com\/?page_id=30\"><strong>SIIT<\/strong><\/a>. <\/p>\n\n\n\n<p>Teeme k\u00f5ik ise \u2013 varume materjali, transpordime ja ehitame, ning pererahvas v\u00f5tab vastu valmis k\u00fctteseadme. <\/p>\n\n\n\n<h4 class=\"wp-block-heading\"><strong>Pottsepat\u00f6\u00f6de hinnakiri<\/strong><\/h4>\n\n\n\n<p><em>Hinnad kehtivad alates 1. aprill 2026<\/em><\/p>\n\n\n\n<p>K\u00fctteseadmete ehitamine: hinnapakkumise alusel, kui on kokkulepitud k\u00fcttekolde t\u00fc\u00fcp, v\u00e4limus, tehniline lahendus.<\/p>\n\n\n\n<p>Korstnajala ladumine hoone sees (ilma materjali hinnata): alates 5,- \u20ac\/tellis<\/p>\n\n\n\n<p>Korstnapea ladumine (ilma materjali hinnata): alates 8.- \u20ac\/tellis<\/p>\n\n\n\n<p>Remondit\u00f6\u00f6: 80 \u20ac\/h<\/p>\n\n\n\n<p>Konsultatsioon: 50 \u20ac\/h<\/p>\n\n\n\n<p>Hindadele lisandub k\u00e4ibemaks.<\/p>\n\n\n\n<p>Helista ja k\u00fcsi lisa telefonil 5660 5869.<\/p>\n\n\n\n\n\n<div data-wp-interactive=\"core\/file\" class=\"wp-block-file\"><object data-wp-bind--hidden=\"!state.hasPdfPreview\" hidden class=\"wp-block-file__embed\" data=\"https:\/\/pottsepp.com\/wp-content\/uploads\/2022\/12\/Pottsepa-kutsetunnistus-2022.pdf\" type=\"application\/pdf\" style=\"width:100%;height:600px\" aria-label=\"Lisa Pottsepa-kutsetunnistus-2022.\"><\/object><a id=\"wp-block-file--media-301da12f-b739-41c1-8f8c-b2cf0f4f352f\" href=\"https:\/\/pottsepp.com\/wp-content\/uploads\/2022\/12\/Pottsepa-kutsetunnistus-2022.pdf\">Pottsepa-kutsetunnistus-2022<\/a><a href=\"https:\/\/pottsepp.com\/wp-content\/uploads\/2022\/12\/Pottsepa-kutsetunnistus-2022.pdf\" class=\"wp-block-file__button wp-element-button\" download aria-describedby=\"wp-block-file--media-301da12f-b739-41c1-8f8c-b2cf0f4f352f\">Laadi alla<\/a><\/div>\n","protected":false},"excerpt":{"rendered":"<p>Oleme pika ja meisterliku kogemusega. Aitame leida parima k\u00fcttekolde lahenduse. Vaata meie tehtud erinevaid k\u00fctteseadmeid SIIT. Teeme k\u00f5ik ise \u2013 varume materjali, transpordime ja ehitame, ning pererahvas v\u00f5tab vastu valmis k\u00fctteseadme. Pottsepat\u00f6\u00f6de hinnakiri Hinnad kehtivad alates 1. aprill 2026 K\u00fctteseadmete &hellip; <a href=\"https:\/\/pottsepp.com\/?page_id=20\">Continued<\/a><\/p>\n","protected":false},"author":1,"featured_media":0,"parent":0,"menu_order":0,"comment_status":"closed","ping_status":"closed","template":"","meta":{"kt_blocks_editor_width":"","footnotes":""},"class_list":["post-20","page","type-page","status-publish","hentry"],"_links":{"self":[{"href":"https:\/\/pottsepp.com\/index.php?rest_route=\/wp\/v2\/pages\/20","targetHints":{"allow":["GET"]}}],"collection":[{"href":"https:\/\/pottsepp.com\/index.php?rest_route=\/wp\/v2\/pages"}],"about":[{"href":"https:\/\/pottsepp.com\/index.php?rest_route=\/wp\/v2\/types\/page"}],"author":[{"embeddable":true,"href":"https:\/\/pottsepp.com\/index.php?rest_route=\/wp\/v2\/users\/1"}],"replies":[{"embeddable":true,"href":"https:\/\/pottsepp.com\/index.php?rest_route=%2Fwp%2Fv2%2Fcomments&post=20"}],"version-history":[{"count":8,"href":"https:\/\/pottsepp.com\/index.php?rest_route=\/wp\/v2\/pages\/20\/revisions"}],"predecessor-version":[{"id":533,"href":"https:\/\/pottsepp.com\/index.php?rest_route=\/wp\/v2\/pages\/20\/revisions\/533"}],"wp:attachment":[{"href":"https:\/\/pottsepp.com\/index.php?rest_route=%2Fwp%2Fv2%2Fmedia&parent=20"}],"curies":[{"name":"wp","href":"https:\/\/api.w.org\/{rel}","templated":true}]}}